ded by 156?
154
What is the remainder when 14505 is divided by 157?
61
Calculate the remainder when 147110 is divided by 5253.
26
What is the remainder when 985 is divided by 162?
13
What is the remainder when 2222 is divided by 51?
29
What is the remainder when 40934 is divided by 43?
41
What is the remainder when 42692 is divided by 42?
20
Calculate the remainder when 9554 is divided by 22.
6
What is the remainder when 360514 is divided by 782?
12
What is the remainder when 9004 is divided by 143?
138
What is the remainder when 293141 is divided by 276?
29
What is the remainder when 6278 is divided by 3136?
6
What is the remainder when 926 is divided by 775?
151
Calculate the remainder when 52197 is divided by 112.
5
What is the remainder when 162868 is divided by 32566?
38
Calculate the remainder when 3141 is divided by 623.
26
What is the remainder when 2138 is divided by 142?
8
What is the remainder when 15030 is divided by 1502?
10
Calculate the remainder when 3306 is divided by 64.
42
Calculate the remainder when 143025 is divided by 35754.
9
Calculate the remainder when 9207 is divided by 538.
61
Calculate the remainder when 431194 is divided by 2189.
2150
Calculate the remainder when 2866 is divided by 21.
10
What is the remainder when 14694 is divided by 468?
186
Calculate the remainder when 99990 is divided by 383.
27
Calculate the remainder when 64401 is divided by 65.
51
Calculate the remainder when 647 is divided by 484.
163
Calculate the remainder when 198246 is divided by 1695.
1626
Calculate the remainder when 8921 is divided by 1486.
5
What is the remainder when 53741 is divided by 1194?
11
Calculate the remainder when 81069 is divided by 261.
159
What is the remainder when 11356 is divided by 43?
4
Calculate the remainder when 3343 is divided by 1651.
41
What is the remainder when 9584 is divided by 333?
260
Calculate the remainder when 415367 is divided by 51913.
63
What is the remainder when 324785 is divided by 418?
417
What is the remainder when 43553 is divided by 102?
101
What is the remainder when 15318 is divided by 1021?
3
Calculate the remainder when 10966 is divided by 3654.
4
What is the remainder when 1341 is divided by 156?
93
Calculate the remainder when 6001 is divided by 53.
12
Calculate the remainder when 147256 is divided by 281.
12
Calculate the remainder when 103400 is divided by 642.
38
Calculate the remainder when 3052 is divided by 28.
0
What is the remainder when 21007 is divided by 39?
25
What is the remainder when 2541 is divided by 567?
273
Calculate the remainder when 14999 is divided by 7495.
9
Calculate the remainder when 23850 is divided by 4738.
160
Calculate the remainder when 1422 is divided by 319.
146
Calculate the remainder when 444001 is divided by 15.
1
Calculate the remainder when 45967 is divided by 37.
13
Calculate the remainder when 172889 is divided by 343.
17
What is the remainder when 315 is divided by 80?
75
What is the remainder when 10215 is divided by 1493?
1257
Calculate the remainder when 13224 is divided by 1632.
168
Calculate the remainder when 355447 is divided by 3906.
1
Calculate the remainder when 25787 is divided by 69.
50
What is the remainder when 64418 is divided by 3787?
39
What is the remainder when 948 is divided by 80?
68
What is the remainder when 1400549 is divided by 466844?
17
What is the remainder when 599981 is divided by 1232?
1229
What is the remainder when 37970 is divided by 2531?
5
What is the remainder when 24748 is divided by 275?
273
What is the remainder when 816 is divided by 160?
16
What is the remainder when 2415 is divided by 575?
115
Calculate the remainder when 7284 is divided by 81.
75
Calculate the remainder when 5837 is divided by 951.
131
What is the remainder when 9728 is divided by 45?
8
What is the remainder when 1036 is divided by 395?
246
Calculate the remainder when 2446 is divided by 290.
126
What is the remainder when 14215 is divided by 4738?
1
What is the remainder when 20605 is divided by 5128?
93
Calculate the remainder when 10873 is divided by 110.
93
Calculate the remainder when 32179 is divided by 8042.
11
What is the remainder when 6199 is divided by 477?
475
What is the remainder when 15540 is divided by 12?
0
Calculate the remainder when 11644 is divided by 957.
160
What is the remainder when 23412 is divided by 395?
107
Calculate the remainder when 4247 is divided by 125.
122
What is the remainder when 19695 is divided by 21?
18
What is the remainder when 6184 is divided by 496?
232
Calculate the remainder when 2668 is divided by 343.
267
What is the remainder when 35515 is divided by 27?
10
What is the remainder when 326111 is divided by 158?
157
What is the remainder when 2591 is divided by 486?
161
What is the remainder when 206717 is divided by 789?
788
Calculate the remainder when 2281605 is divided by 84.
81
What is the remainder when 4868 is divided by 948?
128
What is the remainder when 9251 is divided by 62?
13
Calculate the remainder when 163265 is divided by 81.
50
What is the remainder when 304189 is divided by 776?
773
Calculate the remainder when 20047 is divided by 2227.
4
What is the remainder when 109650 is divided by 2384?
2370
Calculate the remainder when 146222 is divided by 247.
245
Calculate the remainder when 10758 is divided by 167.
70
Calculate the remainder when 4576 is divided by 60.
16
Calculate the remainder when 379 is divided by 87.
31
What is the remainder when 30779 is divided by 32?
27
Calculate the remainder when 2032 is divided by 213.
115
What is the remainder when 8894 is divided by 635?
4
What is the remainder when 12897 is divided by 762?
705
What is the remainder when 5377 is divided by 207?
202
What is the remainder when 34828 is divided by 14?
10
What is the remainder when 7996 is divided by 2663?
7
Calculate the remainder when 12039 is divided by 86.
85
What is the remainder when 531607 is divided by 6?
1
What is the remainder when 71219 is divided by 3558?
59
What is the remainder when 35518 is divided by 166?
160
Calculate the remainder when 1585 is divided by 333.
253
What is the remainder when 2670 is divided by 1328?
14
What is the remainder when 25750 is divided by 91?
88
What is the remainder when 1266 is divided by 416?
18
What is the remainder when 1526 is divided by 39?
5
Calculate the remainder when 46456 is divided by 23224.
8
Calculate the remainder when 703 is divided by 685.
18
What is the remainder when 8455 is divided by 196?
27
What is the remainder when 6448 is divided by 2149?
1
What is the remainder when 149676 is divided by 4989?
6
Calculate the remainder when 1730326 is divided by 1091.
0
What is the remainder when 2973 is divided by 10?
3
What is the remainder when 78026 is divided by 368?
10
What is the remainder when 4026 is divided by 1328?
42
Calculate the remainder when 3171 is divided by 1041.
48
What is the remainder when 8689 is divided by 11?
10
Calculate the remainder when 2854 is divided by 1070.
714
Calculate the remainder when 728 is divided by 389.
339
Calculate the remainder when 15189 is divided by 843.
15
What is the remainder when 11225 is divided by 54?
47
Calculate the remainder when 5154 is divided by 143.
6
Calculate the remainder when 3651 is divided by 260.
11
What is the remainder when 7569 is divided by 303?
297
What is the remainder when 9036 is divided by 526?
94
What is the remainder when 22222 is divided by 102?
88
Calculate the remainder when 11160 is divided by 656.
8
What is the remainder when 4414 is divided by 736?
734
Calculate the remainder when 15894 is divided by 5296.
6
What is the remainder when 6842 is divided by 42?
38
What is the remainder when 113565 is divided by 171?
21
Calculate the remainder when 28669 is divided by 1104.
1069
Calculate the remainder when 11263 is divided by 229.
42
Calculate the remainder when 2045 is divided by 925.
195
Calculate the remainder when 19983 is divided by 412.
207
Calculate the remainder when 73389 is divided by 79.
77
What is the remainder when 1406 is divided by 806?
600
What is the remainder when 36430 is divided by 60?
10
What is the remainder when 2137 is divided by 684?
85
Calculate the remainder when 60859 is divided by 12168.
19
What is the remainder when 1